ands digit of r?
3
Suppose 37*y = -27734 + 82383. What is the thousands digit of y?
1
Let o be 1 + (3 - 7)/(-2). Suppose 3*r = -2*s + 129, 2*s - o*s - 86 = -2*r. What is the tens digit of r?
4
Suppose -2*k = -k - 11. Let x(c) be the first derivative of c**3/3 - 5*c**2 + 13*c + 56. What is the tens digit of x(k)?
2
Suppose 0*o - 2*o + 341 = 5*n, -3*n + 507 = 3*o. Let g = o - 92. What is the tens digit of g?
7
Let b(v) = v**2 + 3*v + 205. Let g be b(0). Suppose 2*s = -3*s - g. Let y = -33 - s. What is the units digit of y?
8
Let u = 78 + -54. Suppose 5*f = 11*f - u. What is the units digit of f?
4
Suppose -i + 4 + 2 = 0. Let r be ((-24)/(-14))/(i/(-105)). Let q = r + 53. What is the tens digit of q?
2
Suppose 0 = -2*q + 7*q - 50. Suppose q*r - 16*r = -72. What is the tens digit of r?
1
Suppose 2*v - 6912 = -15*o + 13*o, -o = 4*v - 3447. What is the thousands digit of o?
3
Suppose -4*m + 3*m + 2*o = -20, 4*m - 86 = 2*o. Let r = 7 + m. What is the tens digit of r?
2
Suppose -12*s - 8*s + 37000 = 0. What is the units digit of s?
0
Suppose 19*v - 16*v = 5*k - 7377, -5*v = k - 1453. What is the tens digit of k?
7
Let h(w) = -w**3 - 9*w**2 - 8*w + 10. Let v be h(-8). Suppose -2*r + v = -0*r. Suppose 0*a + 72 = 4*a + r*o, a + 7 = 5*o. What is the units digit of a?
3
What is the tens digit of 2258 - 0/(-9)*2/4?
5
Let r = -158 - -152. What is the hundreds digit of (1/(-4)*-226)/((-3)/r)?
1
Let q = 1705 + -1044. What is the hundreds digit of q?
6
Let f(b) = 5*b + 0*b + 0*b. Suppose -5 + 7 = 2*c. What is the units digit of f(c)?
5
Let l(o) = 5*o + 45. What is the units digit of l(6)?
5
Let o = -159 + 155. What is the hundreds digit of (7 - 8)/o - 1510/(-8)?
1
Let r be (-5382)/(-45) - (-2)/5. Let p(w) = w + 7. Let i be p(-3). Suppose -r = -i*b + 20. What is the tens digit of b?
3
Let g(i) = 67*i**2 - 39*i. What is the units digit of g(6)?
8
Let r(p) = 94*p + 48. What is the units digit of r(4)?
4
Suppose -47 - 28 = -3*c - 5*j, 3*c - 63 = -j. Suppose -c = 5*k + 4*u - 7*u, -11 = -4*k - 3*u. Let g(d) = 19*d**2 + 2*d + 1. What is the units digit of g(k)?
8
Let j(x) = 35*x**3 + 3*x**2 - 3*x + 4. What is the units digit of j(3)?
7
Let n(k) = -5*k**3 - 3*k**2 + 3*k - 2. What is the tens digit of n(-5)?
3
Suppose -2*f + 68 = -f. Suppose -f = -4*a + 84. What is the units digit of a?
8
Let j(y) = 22*y**3 - y. Let h be j(1). Suppose 5*k - h = g, 2*g + 12 = 5*g. Suppose -5*i = k*l - 105, -2*l + i + i = -22. What is the tens digit of l?
1
Suppose l - 671 = 5*i, -2*l = -5*i - 1726 + 409. What is the hundreds digit of l?
6
Let c = 440 + -387. What is the tens digit of c?
5
Suppose 0 = -6*q - 15 - 3. Let c(k) = k**3 + 5*k**2 - 4*k - 4. What is the tens digit of c(q)?
2
Suppose -3092 - 520 = -4*v. What is the tens digit of v?
0
Suppose 0 = 11*t - 19*t + 3136. What is the hundreds digit of t?
3
What is the tens digit of (-167*6/(-4))/(3/6)?
0
Let h = 34 + -19. Let z = 9 - h. Let s(i) = -4*i - 9. What is the units digit of s(z)?
5
Let u = -6835 + 9928. What is the tens digit of u?
9
Suppose -23*q - 18 = -64. Suppose -2*b - 1162 = -6*b - q*m, m = 4*b - 1159. What is the units digit of b?
0
Let b = 347 + -115. What is the tens digit of b?
3
Let h(q) be the third derivative of -8*q**4/3 + 2*q**3/3 + 11*q**2. What is the tens digit of h(-2)?
3
Suppose 2 = -r + 1. Let y(z) = 16*z**2. Let m be y(r). Suppose 3*b = 5*j + 4*b - 56, b = j - m. What is the tens digit of j?
1
Let c(m) = -739*m**3 + 6*m - 6. Let r be c(2). What is the units digit of 4*1/(-26) + r/(-26)?
7
Let p(m) = -5*m**3 + 5*m**2 - 6*m - 5. Let o(x) = -5*x**3 + 5*x**2 - 6*x - 5. Let t(s) = 4*o(s) - 5*p(s). What is the tens digit of t(4)?
6
Suppose -4*g = -2*m - 2, -2*m - 2*m = -5*g + 16. What is the tens digit of 8/(4/(-18) + (-3)/m)?
7
Let u = -13 - 0. Let l = u - -3. What is the units digit of (-24)/l - (-2)/(-5)?
2
Suppose 2*l + 52 = 882. What is the units digit of l?
5
What is the hundreds digit of -2 + (-2950)/(-6) + (-2)/3?
4
Suppose 14*p - 611 - 621 = 0. What is the tens digit of p?
8
Suppose s + b = 1381, s - b - 6917 = -4*s. What is the tens digit of s?
8
Let b(k) = -k**2 - 13*k - 8. Let g be b(-12). Suppose 2*h - g*c = 154, -4*h + 6*c + 312 = 2*c. What is the tens digit of h?
7
Suppose 57 = 3*g - 0*y + 5*y, -5*g = 5*y - 85. Let q = -9 + g. Suppose 0 = 2*h + 2*w - 54, -4*w - 15 - 75 = -q*h. What is the tens digit of h?
2
Let x = -48 - -48. Let v(u) = u**2 + 5*u + 8. What is the units digit of v(x)?
8
Let v(x) = -x**2 + 2*x + 14. Let j be v(0). Suppose 13*b - j*b + 56 = 0. What is the units digit of b?
6
Suppose h - 6 = c, 5*h + 4*c - c - 14 = 0. Suppose 2 = 3*w - 4, -h*k + 470 = -3*w. What is the tens digit of k?
1
Suppose 0 = -12*b + 9*b + 6. Suppose -b*k + 6*a + 298 = 4*a, -4*k - 4*a = -556. What is the tens digit of k?
4
Suppose -3*q = -2340 + 1332. What is the hundreds digit of q?
3
Let h(q) = 10*q**3 - 2*q**2 - 6*q + 4. What is the tens digit of h(3)?
3
Let f be (-10)/(-3)*-174*(-3)/15. Suppose -y + 2*m = -f, y - m + 2*m = 125. What is the tens digit of y?
2
Let k(v) = -11*v + 6. Let c = 21 + -11. Suppose -5*p - 5 = c. What is the tens digit of k(p)?
3
Let b(j) = -j**3 - 14*j**2 - 25*j - 9. Let v be b(-12). Suppose -l - 6*p + 2*p + 73 = 0, 2*l + v*p - 156 = 0. What is the tens digit of l?
8
Suppose 0 = -5*y - 4*p, 0*y + 5*p = -5*y. Suppose 5*u = y, -i = 8*u - 3*u - 78. What is the units digit of i?
8
Let p(q) = q + 12. Let a be (5 - 16)*(-1)/1. What is the units digit of p(a)?
3
Let p be (-2 - -4) + 0 + 1. Suppose 4*s = -r + 17, p = s - 3*r + 15. Suppose 0 = s*h + 2 - 11. What is the units digit of h?
3
Let l = 1 + -1. Suppose 0 = 331*x - 328*x - 21. Suppose l = -5*v + 83 + x. What is the units digit of v?
8
Let o = -27 - -339. What is the hundreds digit of o?
3
Let r(u) = -24*u - 76. Let g(p) = -8*p - 25. Let y(x) = -17*g(x) + 6*r(x). What is the units digit of y(-13)?
3
Let w(n) = n**2 - 8*n - 22. Let a be w(10). Let f(v) = -40*v. Let d be f(a). Suppose 3*y + d = -x + 210, 4*y - 195 = 3*x. What is the tens digit of y?
4
What is the thousands digit of 10080/192*(-124)/(-5)?
1
Suppose -3*q - 3*a = -3306, -q - 6*a + 1102 = -a. What is the tens digit of q?
0
Suppose 3*g - 15 + 0 = 0. Suppose -g*w - 4*n - 11 = 0, -2*w + 7*w + n - 1 = 0. What is the units digit of w?
1
Let b = 27 + -23. Let f = b + 0. Suppose -4*y - 2 = -c - f, -9 = -3*y - 3*c. What is the units digit of y?
1
Let g be 4/14 - 48/(-28). Suppose -5*w - 4*s = -442, -454 = -5*w - 0*w + g*s. What is the units digit of w?
0
Suppose 7 + 5 = 3*g. Suppose g*f = 14 + 6. Suppose f*y + 79 = 259. What is the units digit of y?
6
Let k(o) be the third derivative of 0 + 2/3*o**3 + 4*o**2 - 1/24*o**4 + 0*o. What is the tens digit of k(-8)?
1
Let q be 0/((0 - -2) + -3). Let t(f) = f + 26. Let x be t(q). Let p = x + -7. What is the tens digit of p?
1
Let c be ((-4)/(-4))/(2/6). Let f be 23 + -2 + 2 + -1. Suppose -f = -c*p + 23. What is the tens digit of p?
1
Suppose -5*r = -14*r + 10314. What is the thousands digit of r?
1
Let d = -192 + 377. Suppose 0*s - 3*s - 3*k = -285, -2*s + 3*k = -d. What is the tens digit of s?
9
Let g = 395 - 232. Suppose -3*p + 0*p + a = -g, 2*p - 132 = -4*a. What is the tens digit of p?
5
Suppose 0 = 2*m - 21*u + 18*u - 440, 0 = 2*u. What is the hundreds digit of m?
2
Let q(a) = 2*a + 1. Let d(u) = 1. Let k(t) = -5*d(t) - q(t). Let x(n) = -1. Let j(l) = -k(l) + 3*x(l). What is the units digit of j(3)?
9
Suppose -5*g + 454 = 2*w, 5*g - 448 = w - 0*w. Let u = g + -3. What is the tens digit of u?
8
Suppose -15 = 6*t - t. Let s(j) = j - 1. Let z(d) = -2*d + 1. Let n(m) = 3*s(m) + 2*z(m). What is the units digit of n(t)?
2
Let c(y) = -y + 4. Let k(d) = -2*d + 3. Let a(j) = -5*c(j) + 4*k(j). Let g be a(-3). What is the units digit of g/3 - (-56)/21?
3
Let d(t) = t**2 + 9*t + 40. What is the hundreds digit of d(-34)?
8
Let c be 0 + 5 + -62 + 3. Let s = 91 + c. What is the tens digit of s?
3
Let l = 29 + -6. Suppose 42 = d - l. Let w = d + -29. What is the tens digit of w?
3
Let v = 244 - -364. What is the units digit of v?
8
What is the units digit of 6/4*17848/69?
8
Let o(i) = -i + 6. Let n be o(-6). Suppose -5*j + 183 + n = 0. Let f = j - 10. What is the tens digit of f?
2
Suppose 0 = 11*a - 1137 - 150. Let b(s) = 63*s - 1. Let j be b